{"id":1134,"date":"2024-09-05T07:43:40","date_gmt":"2024-09-05T07:43:40","guid":{"rendered":"https:\/\/moncocon.fr\/?page_id=1134"},"modified":"2024-09-09T08:04:03","modified_gmt":"2024-09-09T08:04:03","slug":"projet-restaurant","status":"publish","type":"page","link":"https:\/\/moncocon.fr\/index.php\/projet-restaurant\/","title":{"rendered":"Projet Restaurant"},"content":{"rendered":"\t\t<div data-elementor-type=\"wp-page\" data-elementor-id=\"1134\" class=\"elementor elementor-1134\">\n\t\t\t\t<div class=\"elementor-element elementor-element-30b07b1 elementor-hidden-tablet elementor-hidden-mobile e-flex e-con-boxed e-con e-parent\" data-id=\"30b07b1\" data-element_type=\"container\" data-e-type=\"container\">\n\t\t\t\t\t<div class=\"e-con-inner\">\n\t\t<div class=\"elementor-element elementor-element-37e03de e-con-full e-flex e-con e-child\" data-id=\"37e03de\" data-element_type=\"container\" data-e-type=\"container\">\n\t\t\t\t<div class=\"elementor-element elementor-element-4814f69 elementor-widget elementor-widget-heading\" data-id=\"4814f69\" data-element_type=\"widget\" data-e-type=\"widget\" data-widget_type=\"heading.default\">\n\t\t\t\t<div class=\"elementor-widget-container\">\n\t\t\t\t\t<h1 class=\"elementor-heading-title elementor-size-default\">RESTAURANTS<\/h1>\t\t\t\t<\/div>\n\t\t\t\t<\/div>\n\t\t\t\t<div class=\"elementor-element elementor-element-4999466 elementor-widget elementor-widget-heading\" data-id=\"4999466\" data-element_type=\"widget\" data-e-type=\"widget\" data-widget_type=\"heading.default\">\n\t\t\t\t<div class=\"elementor-widget-container\">\n\t\t\t\t\t<h2 class=\"elementor-heading-title elementor-size-default\">RENOVATION<\/h2>\t\t\t\t<\/div>\n\t\t\t\t<\/div>\n\t\t\t\t<div class=\"elementor-element elementor-element-353d506 elementor-widget elementor-widget-spacer\" data-id=\"353d506\" data-element_type=\"widget\" data-e-type=\"widget\" data-widget_type=\"spacer.default\">\n\t\t\t\t<div class=\"elementor-widget-container\">\n\t\t\t\t\t\t\t<div class=\"elementor-spacer\">\n\t\t\t<div class=\"elementor-spacer-inner\"><\/div>\n\t\t<\/div>\n\t\t\t\t\t\t<\/div>\n\t\t\t\t<\/div>\n\t\t<div class=\"elementor-element elementor-element-52ec865 e-con-full e-grid e-con e-child\" data-id=\"52ec865\" data-element_type=\"container\" data-e-type=\"container\">\n\t\t\t\t<div class=\"elementor-element elementor-element-f511c92 elementor-widget__width-initial elementor-widget elementor-widget-heading\" data-id=\"f511c92\" data-element_type=\"widget\" data-e-type=\"widget\" data-widget_type=\"heading.default\">\n\t\t\t\t<div class=\"elementor-widget-container\">\n\t\t\t\t\t<h3 class=\"elementor-heading-title elementor-size-default\">MOA :<br><br>Type :<br><br>Surface :<br><br>Lieu :<br><br>Statut :<br><br>Co\u00fbt travaux :<\/h3>\t\t\t\t<\/div>\n\t\t\t\t<\/div>\n\t\t\t\t<div class=\"elementor-element elementor-element-468909c elementor-widget elementor-widget-heading\" data-id=\"468909c\" data-element_type=\"widget\" data-e-type=\"widget\" data-widget_type=\"heading.default\">\n\t\t\t\t<div class=\"elementor-widget-container\">\n\t\t\t\t\t<h3 class=\"elementor-heading-title elementor-size-default\">Professionnelle<br><br>Restaurant<br><br>&gt; 100 m\u00b2<br><br>France<br><br>Livr\u00e9<br><br> \u20ac\/m\u00b2<\/h3>\t\t\t\t<\/div>\n\t\t\t\t<\/div>\n\t\t\t\t<\/div>\n\t\t\t\t<\/div>\n\t\t<div class=\"elementor-element elementor-element-2825cf3 e-con-full e-flex e-con e-child\" data-id=\"2825cf3\" data-element_type=\"container\" data-e-type=\"container\" data-settings=\"{&quot;background_background&quot;:&quot;classic&quot;}\">\n\t\t\t\t<\/div>\n\t\t<div class=\"elementor-element elementor-element-cfa9614 e-con-full e-flex e-con e-child\" data-id=\"cfa9614\" data-element_type=\"container\" data-e-type=\"container\">\n\t\t\t\t<div class=\"elementor-element elementor-element-5e7e577 elementor-widget elementor-widget-spacer\" data-id=\"5e7e577\" data-element_type=\"widget\" data-e-type=\"widget\" data-widget_type=\"spacer.default\">\n\t\t\t\t<div class=\"elementor-widget-container\">\n\t\t\t\t\t\t\t<div class=\"elementor-spacer\">\n\t\t\t<div class=\"elementor-spacer-inner\"><\/div>\n\t\t<\/div>\n\t\t\t\t\t\t<\/div>\n\t\t\t\t<\/div>\n\t\t\t\t<div class=\"elementor-element elementor-element-35aa9d4 elementor-widget elementor-widget-text-editor\" data-id=\"35aa9d4\" data-element_type=\"widget\" data-e-type=\"widget\" data-widget_type=\"text-editor.default\">\n\t\t\t\t<div class=\"elementor-widget-container\">\n\t\t\t\t\t\t\t\t\t<p>Chez MON COCON, nous croyons que l\u2019am\u00e9nagement de votre restaurant joue un r\u00f4le essentiel dans l\u2019exp\u00e9rience globale de vos clients. L\u2019agencement, l\u2019ambiance et le design influencent non seulement leur confort, mais aussi leur perception de votre cuisine. C\u2019est pourquoi nous nous engageons \u00e0 repenser chaque aspect de votre espace pour le rendre accueillant, fonctionnel et parfaitement adapt\u00e9 \u00e0 votre vision culinaire. Transformez votre restaurant en un lieu unique o\u00f9 design et fonctionnalit\u00e9 se rejoignent pour offrir \u00e0 vos clients une exp\u00e9rience inoubliable, en parfaite harmonie avec votre cuisine.<\/p>\t\t\t\t\t\t\t\t<\/div>\n\t\t\t\t<\/div>\n\t\t\t\t<div class=\"elementor-element elementor-element-6b3f720 elementor-widget elementor-widget-spacer\" data-id=\"6b3f720\" data-element_type=\"widget\" data-e-type=\"widget\" data-widget_type=\"spacer.default\">\n\t\t\t\t<div class=\"elementor-widget-container\">\n\t\t\t\t\t\t\t<div class=\"elementor-spacer\">\n\t\t\t<div class=\"elementor-spacer-inner\"><\/div>\n\t\t<\/div>\n\t\t\t\t\t\t<\/div>\n\t\t\t\t<\/div>\n\t\t\t\t<\/div>\n\t\t\t\t\t<\/div>\n\t\t\t\t<\/div>\n\t\t<div class=\"elementor-element elementor-element-4fca858 elementor-hidden-desktop e-flex e-con-boxed e-con e-parent\" data-id=\"4fca858\" data-element_type=\"container\" data-e-type=\"container\">\n\t\t\t\t\t<div class=\"e-con-inner\">\n\t\t<div class=\"elementor-element elementor-element-77c1e79 e-con-full e-flex e-con e-child\" data-id=\"77c1e79\" data-element_type=\"container\" data-e-type=\"container\">\n\t\t\t\t<div class=\"elementor-element elementor-element-110f972 elementor-widget elementor-widget-image\" data-id=\"110f972\" data-element_type=\"widget\" data-e-type=\"widget\" data-widget_type=\"image.default\">\n\t\t\t\t<div class=\"elementor-widget-container\">\n\t\t\t\t\t\t\t\t\t\t\t\t\t\t\t<img decoding=\"async\" src=\"https:\/\/moncocon.fr\/wp-content\/plugins\/elementor\/assets\/images\/placeholder.png\" title=\"\" alt=\"\" loading=\"lazy\" \/>\t\t\t\t\t\t\t\t\t\t\t\t\t\t\t<\/div>\n\t\t\t\t<\/div>\n\t\t\t\t<\/div>\n\t\t\t\t\t<\/div>\n\t\t\t\t<\/div>\n\t\t<div class=\"elementor-element elementor-element-a527afe elementor-hidden-desktop e-flex e-con-boxed e-con e-parent\" data-id=\"a527afe\" data-element_type=\"container\" data-e-type=\"container\">\n\t\t\t\t\t<div class=\"e-con-inner\">\n\t\t<div class=\"elementor-element elementor-element-2a789e1 e-con-full e-flex e-con e-child\" data-id=\"2a789e1\" data-element_type=\"container\" data-e-type=\"container\">\n\t\t\t\t<div class=\"elementor-element elementor-element-6c49a9c elementor-widget elementor-widget-heading\" data-id=\"6c49a9c\" data-element_type=\"widget\" data-e-type=\"widget\" data-widget_type=\"heading.default\">\n\t\t\t\t<div class=\"elementor-widget-container\">\n\t\t\t\t\t<h1 class=\"elementor-heading-title elementor-size-default\">RESTAURANTS<\/h1>\t\t\t\t<\/div>\n\t\t\t\t<\/div>\n\t\t\t\t<div class=\"elementor-element elementor-element-5cf5d23 elementor-widget elementor-widget-heading\" data-id=\"5cf5d23\" data-element_type=\"widget\" data-e-type=\"widget\" data-widget_type=\"heading.default\">\n\t\t\t\t<div class=\"elementor-widget-container\">\n\t\t\t\t\t<h2 class=\"elementor-heading-title elementor-size-default\">RENOVATION<\/h2>\t\t\t\t<\/div>\n\t\t\t\t<\/div>\n\t\t\t\t<div class=\"elementor-element elementor-element-2317ae2 elementor-widget elementor-widget-spacer\" data-id=\"2317ae2\" data-element_type=\"widget\" data-e-type=\"widget\" data-widget_type=\"spacer.default\">\n\t\t\t\t<div class=\"elementor-widget-container\">\n\t\t\t\t\t\t\t<div class=\"elementor-spacer\">\n\t\t\t<div class=\"elementor-spacer-inner\"><\/div>\n\t\t<\/div>\n\t\t\t\t\t\t<\/div>\n\t\t\t\t<\/div>\n\t\t\t\t<\/div>\n\t\t\t\t\t<\/div>\n\t\t\t\t<\/div>\n\t\t<div class=\"elementor-element elementor-element-c8caa3e elementor-hidden-desktop e-flex e-con-boxed e-con e-parent\" data-id=\"c8caa3e\" data-element_type=\"container\" data-e-type=\"container\">\n\t\t\t\t\t<div class=\"e-con-inner\">\n\t\t<div class=\"elementor-element elementor-element-5418bbd e-con-full e-flex e-con e-child\" data-id=\"5418bbd\" data-element_type=\"container\" data-e-type=\"container\">\n\t\t\t\t<div class=\"elementor-element elementor-element-0ba8dd3 elementor-widget__width-initial elementor-widget elementor-widget-heading\" data-id=\"0ba8dd3\" data-element_type=\"widget\" data-e-type=\"widget\" data-widget_type=\"heading.default\">\n\t\t\t\t<div class=\"elementor-widget-container\">\n\t\t\t\t\t<h3 class=\"elementor-heading-title elementor-size-default\">MOA :<br><br>Type :<br><br>Surface :<br><br>Lieu :<br><br>Statut :<br><br>Co\u00fbt travaux :<\/h3>\t\t\t\t<\/div>\n\t\t\t\t<\/div>\n\t\t\t\t<\/div>\n\t\t<div class=\"elementor-element elementor-element-c3f454b e-con-full e-flex e-con e-child\" data-id=\"c3f454b\" data-element_type=\"container\" data-e-type=\"container\">\n\t\t\t\t<div class=\"elementor-element elementor-element-af8e602 elementor-widget elementor-widget-heading\" data-id=\"af8e602\" data-element_type=\"widget\" data-e-type=\"widget\" data-widget_type=\"heading.default\">\n\t\t\t\t<div class=\"elementor-widget-container\">\n\t\t\t\t\t<h3 class=\"elementor-heading-title elementor-size-default\">Professionnelle<br><br>Restaurant<br><br>&gt; 100 m\u00b2<br><br>France<br><br>Livr\u00e9<br><br> \u20ac\/m\u00b2<\/h3>\t\t\t\t<\/div>\n\t\t\t\t<\/div>\n\t\t\t\t<\/div>\n\t\t\t\t\t<\/div>\n\t\t\t\t<\/div>\n\t\t<div class=\"elementor-element elementor-element-4cf9de9 e-flex e-con-boxed e-con e-parent\" data-id=\"4cf9de9\" data-element_type=\"container\" data-e-type=\"container\">\n\t\t\t\t\t<div class=\"e-con-inner\">\n\t\t<div class=\"elementor-element elementor-element-b77aa90 e-con-full e-flex e-con e-child\" data-id=\"b77aa90\" data-element_type=\"container\" data-e-type=\"container\">\n\t\t\t\t<div class=\"elementor-element elementor-element-ff8af29 elementor-widget elementor-widget-image\" data-id=\"ff8af29\" data-element_type=\"widget\" data-e-type=\"widget\" data-widget_type=\"image.default\">\n\t\t\t\t<div class=\"elementor-widget-container\">\n\t\t\t\t\t\t\t\t\t\t\t\t\t\t\t<img decoding=\"async\" src=\"https:\/\/moncocon.fr\/wp-content\/plugins\/elementor\/assets\/images\/placeholder.png\" title=\"\" alt=\"\" loading=\"lazy\" \/>\t\t\t\t\t\t\t\t\t\t\t\t\t\t\t<\/div>\n\t\t\t\t<\/div>\n\t\t\t\t<\/div>\n\t\t<div class=\"elementor-element elementor-element-b551a89 e-con-full e-flex e-con e-child\" data-id=\"b551a89\" data-element_type=\"container\" data-e-type=\"container\">\n\t\t\t\t<div class=\"elementor-element elementor-element-3d9fb09 elementor-widget elementor-widget-image\" data-id=\"3d9fb09\" data-element_type=\"widget\" data-e-type=\"widget\" data-widget_type=\"image.default\">\n\t\t\t\t<div class=\"elementor-widget-container\">\n\t\t\t\t\t\t\t\t\t\t\t\t\t\t\t<img decoding=\"async\" src=\"https:\/\/moncocon.fr\/wp-content\/plugins\/elementor\/assets\/images\/placeholder.png\" title=\"\" alt=\"\" loading=\"lazy\" \/>\t\t\t\t\t\t\t\t\t\t\t\t\t\t\t<\/div>\n\t\t\t\t<\/div>\n\t\t\t\t<\/div>\n\t\t<div class=\"elementor-element elementor-element-aae8135 e-con-full e-flex e-con e-child\" data-id=\"aae8135\" data-element_type=\"container\" data-e-type=\"container\">\n\t\t\t\t<div class=\"elementor-element elementor-element-945bda0 elementor-widget elementor-widget-image\" data-id=\"945bda0\" data-element_type=\"widget\" data-e-type=\"widget\" data-widget_type=\"image.default\">\n\t\t\t\t<div class=\"elementor-widget-container\">\n\t\t\t\t\t\t\t\t\t\t\t\t\t\t\t<img decoding=\"async\" src=\"https:\/\/moncocon.fr\/wp-content\/plugins\/elementor\/assets\/images\/placeholder.png\" title=\"\" alt=\"\" loading=\"lazy\" \/>\t\t\t\t\t\t\t\t\t\t\t\t\t\t\t<\/div>\n\t\t\t\t<\/div>\n\t\t\t\t<\/div>\n\t\t<div class=\"elementor-element elementor-element-f34949d e-con-full e-flex e-con e-child\" data-id=\"f34949d\" data-element_type=\"container\" data-e-type=\"container\">\n\t\t\t\t<div class=\"elementor-element elementor-element-29846b2 elementor-widget elementor-widget-image\" data-id=\"29846b2\" data-element_type=\"widget\" data-e-type=\"widget\" data-widget_type=\"image.default\">\n\t\t\t\t<div class=\"elementor-widget-container\">\n\t\t\t\t\t\t\t\t\t\t\t\t\t\t\t<img decoding=\"async\" src=\"https:\/\/moncocon.fr\/wp-content\/plugins\/elementor\/assets\/images\/placeholder.png\" title=\"\" alt=\"\" loading=\"lazy\" \/>\t\t\t\t\t\t\t\t\t\t\t\t\t\t\t<\/div>\n\t\t\t\t<\/div>\n\t\t\t\t<\/div>\n\t\t\t\t\t<\/div>\n\t\t\t\t<\/div>\n\t\t\t\t<\/div>\n\t\t","protected":false},"excerpt":{"rendered":"<p>RESTAURANTS RENOVATION MOA : Type : Surface : Lieu : Statut : Co\u00fbt travaux : Professionnelle Restaurant &gt; 100 m\u00b2 France Livr\u00e9 \u20ac\/m\u00b2 Chez MON COCON, nous croyons que l\u2019am\u00e9nagement de votre restaurant joue un r\u00f4le essentiel dans l\u2019exp\u00e9rience globale de vos clients. L\u2019agencement, l\u2019ambiance et le design influencent non seulement leur confort, mais aussi [&hellip;]<\/p>\n","protected":false},"author":2,"featured_media":0,"parent":0,"menu_order":0,"comment_status":"closed","ping_status":"closed","template":"","meta":{"_themeisle_gutenberg_block_has_review":false,"footnotes":""},"class_list":["post-1134","page","type-page","status-publish","hentry","entry"],"yoast_head":"<!-- This site is optimized with the Yoast SEO plugin v27.5 - https:\/\/yoast.com\/product\/yoast-seo-wordpress\/ -->\n<title>Projet Restaurant | Mon CoCon<\/title>\n<meta name=\"robots\" content=\"index, follow, max-snippet:-1, max-image-preview:large, max-video-preview:-1\" \/>\n<link rel=\"canonical\" href=\"https:\/\/moncocon.fr\/index.php\/projet-restaurant\/\" \/>\n<meta property=\"og:locale\" content=\"fr_FR\" \/>\n<meta property=\"og:type\" content=\"article\" \/>\n<meta property=\"og:title\" content=\"Projet Restaurant | Mon CoCon\" \/>\n<meta property=\"og:description\" content=\"RESTAURANTS RENOVATION MOA : Type : Surface : Lieu : Statut : Co\u00fbt travaux : Professionnelle Restaurant &gt; 100 m\u00b2 France Livr\u00e9 \u20ac\/m\u00b2 Chez MON COCON, nous croyons que l\u2019am\u00e9nagement de votre restaurant joue un r\u00f4le essentiel dans l\u2019exp\u00e9rience globale de vos clients. L\u2019agencement, l\u2019ambiance et le design influencent non seulement leur confort, mais aussi [&hellip;]\" \/>\n<meta property=\"og:url\" content=\"https:\/\/moncocon.fr\/index.php\/projet-restaurant\/\" \/>\n<meta property=\"og:site_name\" content=\"Mon CoCon\" \/>\n<meta property=\"article:modified_time\" content=\"2024-09-09T08:04:03+00:00\" \/>\n<meta property=\"og:image\" content=\"https:\/\/moncocon.fr\/wp-content\/plugins\/elementor\/assets\/images\/placeholder.png\" \/>\n<meta name=\"twitter:card\" content=\"summary_large_image\" \/>\n<meta name=\"twitter:label1\" content=\"Dur\u00e9e de lecture estim\u00e9e\" \/>\n\t<meta name=\"twitter:data1\" content=\"2 minutes\" \/>\n<script type=\"application\/ld+json\" class=\"yoast-schema-graph\">{\"@context\":\"https:\\\/\\\/schema.org\",\"@graph\":[{\"@type\":\"WebPage\",\"@id\":\"https:\\\/\\\/moncocon.fr\\\/index.php\\\/projet-restaurant\\\/\",\"url\":\"https:\\\/\\\/moncocon.fr\\\/index.php\\\/projet-restaurant\\\/\",\"name\":\"Projet Restaurant | Mon CoCon\",\"isPartOf\":{\"@id\":\"https:\\\/\\\/moncocon.fr\\\/#website\"},\"primaryImageOfPage\":{\"@id\":\"https:\\\/\\\/moncocon.fr\\\/index.php\\\/projet-restaurant\\\/#primaryimage\"},\"image\":{\"@id\":\"https:\\\/\\\/moncocon.fr\\\/index.php\\\/projet-restaurant\\\/#primaryimage\"},\"thumbnailUrl\":\"https:\\\/\\\/moncocon.fr\\\/wp-content\\\/plugins\\\/elementor\\\/assets\\\/images\\\/placeholder.png\",\"datePublished\":\"2024-09-05T07:43:40+00:00\",\"dateModified\":\"2024-09-09T08:04:03+00:00\",\"breadcrumb\":{\"@id\":\"https:\\\/\\\/moncocon.fr\\\/index.php\\\/projet-restaurant\\\/#breadcrumb\"},\"inLanguage\":\"fr-FR\",\"potentialAction\":[{\"@type\":\"ReadAction\",\"target\":[\"https:\\\/\\\/moncocon.fr\\\/index.php\\\/projet-restaurant\\\/\"]}]},{\"@type\":\"ImageObject\",\"inLanguage\":\"fr-FR\",\"@id\":\"https:\\\/\\\/moncocon.fr\\\/index.php\\\/projet-restaurant\\\/#primaryimage\",\"url\":\"https:\\\/\\\/moncocon.fr\\\/wp-content\\\/plugins\\\/elementor\\\/assets\\\/images\\\/placeholder.png\",\"contentUrl\":\"https:\\\/\\\/moncocon.fr\\\/wp-content\\\/plugins\\\/elementor\\\/assets\\\/images\\\/placeholder.png\"},{\"@type\":\"BreadcrumbList\",\"@id\":\"https:\\\/\\\/moncocon.fr\\\/index.php\\\/projet-restaurant\\\/#breadcrumb\",\"itemListElement\":[{\"@type\":\"ListItem\",\"position\":1,\"name\":\"Accueil\",\"item\":\"https:\\\/\\\/moncocon.fr\\\/\"},{\"@type\":\"ListItem\",\"position\":2,\"name\":\"Projet Restaurant\"}]},{\"@type\":\"WebSite\",\"@id\":\"https:\\\/\\\/moncocon.fr\\\/#website\",\"url\":\"https:\\\/\\\/moncocon.fr\\\/\",\"name\":\"Mon CoCon\",\"description\":\"Ma\u00eetre d \u0153uvre sur Bordeaux\",\"publisher\":{\"@id\":\"https:\\\/\\\/moncocon.fr\\\/#organization\"},\"potentialAction\":[{\"@type\":\"SearchAction\",\"target\":{\"@type\":\"EntryPoint\",\"urlTemplate\":\"https:\\\/\\\/moncocon.fr\\\/?s={search_term_string}\"},\"query-input\":{\"@type\":\"PropertyValueSpecification\",\"valueRequired\":true,\"valueName\":\"search_term_string\"}}],\"inLanguage\":\"fr-FR\"},{\"@type\":\"Organization\",\"@id\":\"https:\\\/\\\/moncocon.fr\\\/#organization\",\"name\":\"Mon CoCon\",\"url\":\"https:\\\/\\\/moncocon.fr\\\/\",\"logo\":{\"@type\":\"ImageObject\",\"inLanguage\":\"fr-FR\",\"@id\":\"https:\\\/\\\/moncocon.fr\\\/#\\\/schema\\\/logo\\\/image\\\/\",\"url\":\"https:\\\/\\\/moncocon.fr\\\/wp-content\\\/uploads\\\/2024\\\/08\\\/moncocon_logo.jpg\",\"contentUrl\":\"https:\\\/\\\/moncocon.fr\\\/wp-content\\\/uploads\\\/2024\\\/08\\\/moncocon_logo.jpg\",\"width\":512,\"height\":512,\"caption\":\"Mon CoCon\"},\"image\":{\"@id\":\"https:\\\/\\\/moncocon.fr\\\/#\\\/schema\\\/logo\\\/image\\\/\"}}]}<\/script>\n<!-- \/ Yoast SEO plugin. -->","yoast_head_json":{"title":"Projet Restaurant | Mon CoCon","robots":{"index":"index","follow":"follow","max-snippet":"max-snippet:-1","max-image-preview":"max-image-preview:large","max-video-preview":"max-video-preview:-1"},"canonical":"https:\/\/moncocon.fr\/index.php\/projet-restaurant\/","og_locale":"fr_FR","og_type":"article","og_title":"Projet Restaurant | Mon CoCon","og_description":"RESTAURANTS RENOVATION MOA : Type : Surface : Lieu : Statut : Co\u00fbt travaux : Professionnelle Restaurant &gt; 100 m\u00b2 France Livr\u00e9 \u20ac\/m\u00b2 Chez MON COCON, nous croyons que l\u2019am\u00e9nagement de votre restaurant joue un r\u00f4le essentiel dans l\u2019exp\u00e9rience globale de vos clients. L\u2019agencement, l\u2019ambiance et le design influencent non seulement leur confort, mais aussi [&hellip;]","og_url":"https:\/\/moncocon.fr\/index.php\/projet-restaurant\/","og_site_name":"Mon CoCon","article_modified_time":"2024-09-09T08:04:03+00:00","og_image":[{"url":"https:\/\/moncocon.fr\/wp-content\/plugins\/elementor\/assets\/images\/placeholder.png","type":"","width":"","height":""}],"twitter_card":"summary_large_image","twitter_misc":{"Dur\u00e9e de lecture estim\u00e9e":"2 minutes"},"schema":{"@context":"https:\/\/schema.org","@graph":[{"@type":"WebPage","@id":"https:\/\/moncocon.fr\/index.php\/projet-restaurant\/","url":"https:\/\/moncocon.fr\/index.php\/projet-restaurant\/","name":"Projet Restaurant | Mon CoCon","isPartOf":{"@id":"https:\/\/moncocon.fr\/#website"},"primaryImageOfPage":{"@id":"https:\/\/moncocon.fr\/index.php\/projet-restaurant\/#primaryimage"},"image":{"@id":"https:\/\/moncocon.fr\/index.php\/projet-restaurant\/#primaryimage"},"thumbnailUrl":"https:\/\/moncocon.fr\/wp-content\/plugins\/elementor\/assets\/images\/placeholder.png","datePublished":"2024-09-05T07:43:40+00:00","dateModified":"2024-09-09T08:04:03+00:00","breadcrumb":{"@id":"https:\/\/moncocon.fr\/index.php\/projet-restaurant\/#breadcrumb"},"inLanguage":"fr-FR","potentialAction":[{"@type":"ReadAction","target":["https:\/\/moncocon.fr\/index.php\/projet-restaurant\/"]}]},{"@type":"ImageObject","inLanguage":"fr-FR","@id":"https:\/\/moncocon.fr\/index.php\/projet-restaurant\/#primaryimage","url":"https:\/\/moncocon.fr\/wp-content\/plugins\/elementor\/assets\/images\/placeholder.png","contentUrl":"https:\/\/moncocon.fr\/wp-content\/plugins\/elementor\/assets\/images\/placeholder.png"},{"@type":"BreadcrumbList","@id":"https:\/\/moncocon.fr\/index.php\/projet-restaurant\/#breadcrumb","itemListElement":[{"@type":"ListItem","position":1,"name":"Accueil","item":"https:\/\/moncocon.fr\/"},{"@type":"ListItem","position":2,"name":"Projet Restaurant"}]},{"@type":"WebSite","@id":"https:\/\/moncocon.fr\/#website","url":"https:\/\/moncocon.fr\/","name":"Mon CoCon","description":"Ma\u00eetre d \u0153uvre sur Bordeaux","publisher":{"@id":"https:\/\/moncocon.fr\/#organization"},"potentialAction":[{"@type":"SearchAction","target":{"@type":"EntryPoint","urlTemplate":"https:\/\/moncocon.fr\/?s={search_term_string}"},"query-input":{"@type":"PropertyValueSpecification","valueRequired":true,"valueName":"search_term_string"}}],"inLanguage":"fr-FR"},{"@type":"Organization","@id":"https:\/\/moncocon.fr\/#organization","name":"Mon CoCon","url":"https:\/\/moncocon.fr\/","logo":{"@type":"ImageObject","inLanguage":"fr-FR","@id":"https:\/\/moncocon.fr\/#\/schema\/logo\/image\/","url":"https:\/\/moncocon.fr\/wp-content\/uploads\/2024\/08\/moncocon_logo.jpg","contentUrl":"https:\/\/moncocon.fr\/wp-content\/uploads\/2024\/08\/moncocon_logo.jpg","width":512,"height":512,"caption":"Mon CoCon"},"image":{"@id":"https:\/\/moncocon.fr\/#\/schema\/logo\/image\/"}}]}},"_links":{"self":[{"href":"https:\/\/moncocon.fr\/index.php\/wp-json\/wp\/v2\/pages\/1134","targetHints":{"allow":["GET"]}}],"collection":[{"href":"https:\/\/moncocon.fr\/index.php\/wp-json\/wp\/v2\/pages"}],"about":[{"href":"https:\/\/moncocon.fr\/index.php\/wp-json\/wp\/v2\/types\/page"}],"author":[{"embeddable":true,"href":"https:\/\/moncocon.fr\/index.php\/wp-json\/wp\/v2\/users\/2"}],"replies":[{"embeddable":true,"href":"https:\/\/moncocon.fr\/index.php\/wp-json\/wp\/v2\/comments?post=1134"}],"version-history":[{"count":16,"href":"https:\/\/moncocon.fr\/index.php\/wp-json\/wp\/v2\/pages\/1134\/revisions"}],"predecessor-version":[{"id":1388,"href":"https:\/\/moncocon.fr\/index.php\/wp-json\/wp\/v2\/pages\/1134\/revisions\/1388"}],"wp:attachment":[{"href":"https:\/\/moncocon.fr\/index.php\/wp-json\/wp\/v2\/media?parent=1134"}],"curies":[{"name":"wp","href":"https:\/\/api.w.org\/{rel}","templated":true}]}}